25 - 10513?
-20442
In base 16, what is 2 + 917d?
917f
In base 8, what is -17626023 - -12?
-17626011
In base 3, what is -11 - -12020110202202?
12020110202121
In base 7, what is 34626643 - -1?
34626644
In base 16, what is 5fba + -d5e?
525c
In base 5, what is -1 - 21122120212?
-21122120213
In base 5, what is 44011431 + -211?
44011220
In base 9, what is -4676800 - 2?
-4676802
In base 14, what is -165897 + 9?
-16588c
In base 10, what is -100254344 + 5?
-100254339
In base 16, what is aefac - -2?
aefae
In base 7, what is 65 + 22450021?
22450116
In base 15, what is 2 + -816532?
-816530
In base 2, what is 10010111100110 + -11100110000?
1111010110110
In base 7, what is -41033535633 - 1?
-41033535634
In base 3, what is 2002120211 + -102200122?
1122220012
In base 6, what is -1134 + -404130?
-405304
In base 16, what is -d7d - -afac?
a22f
In base 14, what is -15086 + 52cd?
-db97
In base 11, what is -3a - 135a85a?
-135a899
In base 7, what is -2226442 + 4?
-2226435
In base 3, what is -1110 - 12012202000?
-12012210110
In base 5, what is -203404142 - 212?
-203404404
In base 7, what is -316 + -4052140?
-4052456
In base 5, what is -10104003 + -231?
-10104234
In base 5, what is 11 - 301224222?
-301224211
In base 12, what is 4b9 - 7833?
-7336
In base 5, what is -414204 - -1003313?
34104
In base 12, what is -104 - -64120?
64018
In base 6, what is 151322131 - 4?
151322123
In base 10, what is -12 + -1453548?
-1453560
In base 12, what is 73330b + 14?
733323
In base 9, what is -38743 + 3460?
-35273
In base 8, what is -6 - 374143?
-374151
In base 15, what is -235d88a6 + -4?
-235d88aa
In base 13, what is -3 + a45726?
a45723
In base 9, what is -477886 - 85?
-478082
In base 5, what is -114 - -2210422424?
2210422310
In base 12, what is -4 - 1897188?
-1897190
In base 3, what is -211010100202 + 101?
-211010100101
In base 8, what is -110107 + 3524?
-104363
In base 13, what is -1a59820 + -3?
-1a59823
In base 14, what is -31ca3877 - 5?
-31ca387c
In base 13, what is 1 + -2734b13?
-2734b12
In base 5, what is 201002022 - 124?
201001343
In base 14, what is 48 + 13296c?
1329b6
In base 13, what is -185 + 997582?
9973ca
In base 8, what is 1 + 12773543?
12773544
In base 16, what is -280c + 46d?
-239f
In base 10, what is -1 + 1698973?
1698972
In base 12, what is -3ab51b4 + 0?
-3ab51b4
In base 9, what is 26 - -123601?
123627
In base 11, what is 93 - 13a64?
-13981
In base 15, what is 2b31d + 6c?
2b38a
In base 16, what is -2 + -75f8adc?
-75f8ade
In base 9, what is 26 - 728462?
-728435
In base 14, what is b762 + -519?
b247
In base 5, what is 4 - -13303034334?
13303034343
In base 14, what is 52515 + 9db?
53112
In base 14, what is -1d9a017 + 5?
-1d9a012
In base 7, what is 12 + -146151302?
-146151260
In base 15, what is -5 + c1d318?
c1d313
In base 11, what is -2aa03a13 - 3?
-2aa03a16
In base 4, what is 1213 + 313102232?
313110111
In base 11, what is -39829 - 27?
-39855
In base 10, what is 3 + 113931408?
113931411
In base 8, what is 24152 + 7261?
33433
In base 4, what is -202 - 122012031123?
-122012031331
In base 10, what is -11280796 - -72?
-11280724
In base 14, what is -7986 - -171?
-7815
In base 9, what is -64378 - 231?
-64620
In base 15, what is 162e50389 + 1?
162e5038a
In base 10, what is 284697056 - -2?
284697058
In base 11, what is -3 - -1577a9a2?
1577a99a
In base 2, what is -10101111100 - 100111111111010?
-101010101110110
In base 13, what is -81b12 + a12?
-81100
In base 4, what is -131222000031 - 2?
-131222000033
In base 7, what is -11355 + 31420?
20032
In base 10, what is -57017328 - -1?
-57017327
In base 11, what is -186354a6 + 5?
-186354a1
In base 2, what is -10111110011 - -11110110111111001001?
11110110100111010110
In base 12, what is -44b7973 - -2?
-44b7971
In base 12, what is -5a57 + 306?
-5751
In base 4, what is 10210113323 + -13203?
10210100120
In base 4, what is -220 + -31120220?
-31121100
In base 8, what is 175065076 + 3?
175065101
In base 2, what is 101011 - 10110011011100100?
-10110011010111001
In base 16, what is -49a - -c70a8?
c6c0e
In base 16, what is -1ff + -960a?
-9809
In base 7, what is -23505 + 16610?
-3565
In base 12, what is 1638 + -985a?
-8222
In base 16, what is -2ba94 - 175?
-2bc09
In base 11, what is -64893 + 447?
-64447
In base 7, what is -13222 - -21443?
5221
In base 7, what is 1205201 - -2622?
1211123
In base 14, what is 44077c0 - 2?
44077bc
In base 13, what is 4 + 38a861?
38a865
In base 13, what is -4 + 6c58607?
6c58603
In base 6, what is -42012 + -2451234?
-2533250
In base 8, what is 673006 - 4?
673002
In base 15, what is 554e7 - -26?
5551d
In base 3, what is 1000 + 121011120211?
121011121211
In base 8, what is -24775 - -12772?
-12003
In base 7, what is 11 - -1413651546?
1413651560
In base 6, what is -3 + 545553311?
545553304
In base 3, what is 11200001022012 + -102?
11200001021210
In base 9, what is 47 + 17370701?
17370748
In base 7, what is 255425 + -25302?
230123
In base 8, what is 0 + -7640134?
-7640134
In base 15, what is 3 - 284a92b?
-284a928
In base 10, what is -16481 - 5586?
-22067
In base 6, what is -124351 - -41134?
-43213
In base 13, what is -424718c + -1?
-4247190
In base 12, what is -377b274b + -5?
-377b2754
In base 6, what is -234 + 2520143?
2515505
In base 9, what is -43326232 + 1?
-43326231
In base 13, what is 731 + -34254?
-33823
In base 11, what is 539 + 3365?
38a3
In base 7, what is -126 + 1365434?
1365305
In base 15, what is 29115 - -46b?
29581
In base 5, what is 3322 - -2214002?
2222324
In base 5, what is -21044414 - -140?
-21044224
In base 15, what is -daa72 + -c?
-daa7e
In base 12, what is 1 + 891b01?
891b02
In base 10, what is 26291564 - 4?
26291560
In base 4, what is 1210312033 + -30?
1210312003
In base 13, what is -1b4b - 2382?
-4200
In base 14, what is ac64 - 1565?
96dd
In base 11, what is -1238148 - -4?
-1238144
In base 11, what is 1a7404321 - 2?
1a740431a
In base 2, what is 111010110111110000000001011 + -10?
111010110111110000000001001
In base 13, what is 101821 - -38?
101859
In base 2, what is 10011111 + 101101110100111001111?
101101110101001101110
In base 15, what is -3185789 - -5?
-3185784
In base 14, what is -99 - cd70d0?
-cd7189
In base 12, what is -5 + -49a359ba?
-49a35a03
In base 15, what is 1 - -269a25?
269a26
In base 7, what is -20110 + 132514?
112404
In base 10, what is -24 - -195613?
195589
In base 12, what is -a37 + 370?
-687
In base 11, what is -30 - 1026a9?
-102729
In base 16, what is 2d759 + -1a?
2d73f
In base 15, what is 69db4 + 111?
69ec5
In base 13, what is 89 - 1126c?
-111b3
In base 2, what is 110101101101100101000110 - -10?
110101101101100101001000
In base 7, what is 1 + 10263156606?
10263156610
In base 15, what is -8ce27d + 0?
-8ce27d
In base 15, what is 32a + -76dda?
-76ab0
In base 4, what is -303220 + 12011021?
11101201
In base 15, what is 67750 + -4?
6774b
In base 9, what is -130 - -7067418?
7067278
In base 10, what is -553345 + 226?
-553119
In base 14, what is b817 - -18a?
b9a3
In base 11, what is 251 - -8311?
8562
In base 2, what is 11 + 11000010000010011011000101?
11000010000010011011001000
In base 6, what is 134233 - -1300300?
1434533
In base 3, what is 12 - 112111022220?
-112111022201
In base 10, what is -163332 + 25?
-163307
In base 8, what is 17437 - 2512?
14725
In base 13, what is 15a9457 - -c?
15a9466
In base 8, what is -5 - -100101762?
100101755
In base 11, what is 0 - 7509?
-7509
In base 11, what is -1a453 - -190?
-1a273
In base 16, what is 1b1b4d - 3?
1b1b4a
In base 16, what is -2756 - -14a1?
-12b5
In base 11, what is -28604817 - 1?
-28604818
In base 13, what is -26 + -19a35?
-19a5b
In base 14, what is -7ad + -29b4?
-3383
In base 9, what is 7235 + -11588?
-3353
In base 7, what is -3033244 - 22?
-3033266
In base 12, what is -271449a - 7?
-27144a5
In base 16, what is 27 - -192b69?
192b90
In base 5, what is 21323321 - 42?
21323224
In base 8, what is 13 + 35517406?
35517421
In base 10, what is -10 + -5400412?
-5400422
In base 12, what is 2b528744a + 4?
2b5287452
In base 5, what is -1420 + -32321444?
-32323414
In base 15, what is -106cda + 68d?
-10664c
In base 3, what is -210122222012 - 10122222?
-210210122011
In base 10, what is 1650 - -22755?
24405
In base 11, what is -274 - -118632?
118369
In base 8, what is 11113602 + -4?
11113576
In base 6, what is 1030 - -115522212?
115523242
In base 2, wh